t n(c) = -66*c + 79. Calculate n(1).
13
Let s(j) = -9*j**2 - j - 2. What is s(2)?
-40
Let t(a) = a**2 + 33*a + 293. Determine t(-19).
27
Let r(o) = o**2 + 187*o + 4. What is r(0)?
4
Let f(i) = i**3 - 52*i**2 + 556*i + 22. Give f(15).
37
Let r(o) = o**2 - 61*o + 430. Give r(53).
6
Let y(s) = -2*s**2 + 6*s + 97. Determine y(-10).
-163
Let v(x) = 2*x**2 - 125*x + 1399. Give v(49).
76
Let l(p) = 21023*p - 126146. What is l(6)?
-8
Let v(c) = 2*c**2 + 12*c - 27. Determine v(-7).
-13
Let q(r) = 10181*r - 50907. Calculate q(5).
-2
Let o(d) = 3*d**3 + 9*d**2 - 24*d + 37. What is o(-5)?
7
Let o(i) = -40*i**3 - 2*i - 1. Calculate o(-1).
41
Let t(l) = -417*l - 817. Give t(-2).
17
Let g(i) = 3*i**3 - 45*i**2 - 9*i + 116. Give g(15).
-19
Let k(u) = u**3 - 38*u**2 - 126*u + 134. Calculate k(41).
11
Let k(a) = 388*a + 73. Give k(0).
73
Let m(g) = 359*g - 8269. Calculate m(23).
-12
Let r(i) = 4*i**3 - 345*i**2 + 90*i - 350. What is r(86)?
-6
Let l(v) = -52*v**2 - 427*v - 84. Calculate l(-8).
4
Let n(h) = -37*h**2 - 170*h - 170. Give n(-1).
-37
Let c(y) = -y**3 + 8*y**2 + 33*y - 154. Determine c(10).
-24
Let n(p) = -63*p**3 + 629*p**2 + 2*p + 84. Give n(10).
4
Let u(d) = -d**3 - 17*d**2 - 3*d - 34. What is u(-17)?
17
Let q(n) = n**2 + 2487*n + 14866. What is q(-6)?
-20
Let h(t) = -8*t**2 - 104*t - 61. Determine h(-12).
35
Let t(o) = -4*o**2 - 38*o - 106. Determine t(-3).
-28
Let v(g) = 268*g**2 - 198*g - 2. Give v(1).
68
Let x(a) = -a**3 + 217*a**2 + 880*a + 11. Determine x(-4).
27
Let z(y) = -y**3 + 9*y**2 + 7*y - 14. Give z(-2).
16
Let o(f) = 7*f**2 + 87*f - 409. What is o(-16)?
-9
Let x(a) = 54*a**2 + a - 16. Give x(2).
202
Let y(b) = -4*b**3 - 25*b**2 + 4*b + 43. Calculate y(-8).
459
Let t(q) = -136*q - 100. Give t(-3).
308
Let l(r) = 413*r + 15279. Give l(-37).
-2
Let m(q) = 5*q**2 + 202*q + 75. Determine m(-40).
-5
Let z(h) = -h**2 + 49*h + 524. Determine z(54).
254
Let n(j) = -15*j - 2665. Calculate n(-176).
-25
Let t(q) = -q**2 - 199*q - 1163. Calculate t(-6).
-5
Let n(f) = -189*f + 17794. Give n(95).
-161
Let z(j) = -j**3 + 4*j**2 - 305*j + 900. Calculate z(3).
-6
Let v(x) = -2*x**3 + 18*x**2 - 3*x + 9. Give v(9).
-18
Let y(x) = x**3 - x**2 - 47*x - 91. Calculate y(-2).
-9
Let q(t) = 2*t - 36. Give q(-4).
-44
Let g(m) = -8*m**2 + 509*m - 316. Calculate g(63).
-1
Let a(z) = -z**3 - z**2 + 35*z - 23. Calculate a(5).
2
Let o(q) = 814*q + 8121. What is o(-10)?
-19
Let w(g) = -8*g + 1. Determine w(-9).
73
Let s(r) = 93*r - 1004. What is s(18)?
670
Let i(n) = -8*n - 274. Give i(-37).
22
Let k(x) = x**3 - 134*x**2 - 11*x + 1522. Determine k(134).
48
Let z(h) = -1240*h - 60772. Give z(-49).
-12
Let a(b) = -b**3 - 20*b**2 + 126*b + 29. Determine a(-25).
4
Let w(k) = k**3 + 2*k**2 + 68*k + 226. Calculate w(-3).
13
Let o(f) = -2*f**3 + 97*f**2 - 48*f + 43. What is o(48)?
43
Let w(u) = -3*u**3 - u**2 - u + 1. What is w(2)?
-29
Let u(h) = 11*h + 136. What is u(-18)?
-62
Let b(j) = -7*j**3 - 4*j**2 - 17*j - 7. Give b(-3).
197
Let s(f) = f**3 - 23*f**2 + 18*f - 279. What is s(23)?
135
Let o(z) = 21*z**2 - 2*z - 12. Calculate o(4).
316
Let b(i) = -184*i - 16777. What is b(-91)?
-33
Let r(v) = -v**3 - 17*v**2 + 43*v + 56. Calculate r(-19).
-39
Let a(w) = -53*w + 855. What is a(16)?
7
Let t(g) = -171*g - 1560. What is t(-9)?
-21
Let c(s) = 69*s - 1377. Give c(20).
3
Let i(c) = c**3 + c**2 - 155*c + 32. Give i(-14).
-346
Let s(j) = 5*j - 163. Calculate s(35).
12
Let z(j) = -40*j - 1929. Give z(-49).
31
Let x(m) = 35*m**3 + 2*m - 3. Give x(1).
34
Let a(o) = -o**3 + 90*o**2 - 505*o + 37. What is a(84)?
-47
Let t(a) = -a**2 + 43*a + 850. Give t(58).
-20
Let a(y) = -y**3 + 56*y + 20. What is a(-8)?
84
Let g(n) = -2*n**2 + 141*n - 2187. Give g(23).
-2
Let t(s) = -1234*s - 166588. Determine t(-135).
2
Let y(h) = -144*h + 12104. Give y(84).
8
Let x(i) = -22*i + 7. What is x(-4)?
95
Let n(q) = -q**3 + 76*q**2 + 161*q - 384. Determine n(78).
6
Let i(l) = 18*l**3 + 8*l**2 + 12*l - 7. Calculate i(-4).
-1079
Let l(y) = 3*y - 181. Give l(22).
-115
Let d(f) = -f**3 + 31*f**2 - 26*f - 136. Determine d(30).
-16
Let t(u) = -u**2 + 77*u + 3793. What is t(111)?
19
Let i(a) = -44*a**2 - 3*a + 5. Calculate i(2).
-177
Let i(v) = -12*v**3 + 8*v**2 - 17*v + 13. Give i(1).
-8
Let a(k) = 217*k + 674. What is a(-3)?
23
Let n(q) = -20*q + 216. What is n(29)?
-364
Let g(h) = 12*h**2 - 419*h - 34. Calculate g(35).
1
Let s(v) = -v**3 - 6*v**2 + 24*v + 38. Give s(-11).
379
Let j(v) = 7*v**2 + 4*v - 121. Give j(0).
-121
Let z(p) = p**3 + 193*p**2 + 2167*p - 888. Calculate z(-181).
17
Let x(w) = 17*w**2 + 11*w + 10. What is x(-2)?
56
Let r(m) = -11*m**2 + 7*m + 2. Determine r(4).
-146
Let u(o) = -2*o**2 + 37*o + 169. Give u(29).
-440
Let b(p) = -10*p**2 - 70*p - 10. Give b(-5).
90
Let k(n) = 15*n - 386. Determine k(27).
19
Let b(y) = -161*y + 493. Give b(3).
10
Let p(x) = x**3 - 20*x**2 + 75*x - 161. Calculate p(16).
15
Let m(k) = -k**3 + 34*k**2 - 44*k + 39. Calculate m(33).
-324
Let t(f) = f**3 + 18*f**2 - 47*f - 688. Give t(-19).
-156
Let j(p) = 65*p + 189. Give j(-3).
-6
Let u(t) = 2*t**2 - 26*t + 117. Give u(12).
93
Let u(d) = -470*d - 937. Give u(-2).
3
Let k(a) = a**3 + 3*a**2 - 45*a - 35. Give k(-8).
5
Let s(d) = 3*d**2 + 178*d - 677. Calculate s(4).
83
Let w(f) = -125*f + 3. Give w(-1).
128
Let i(p) = 95*p + 13394. Give i(-141).
-1
Let l(t) = -28*t + 212. Determine l(22).
-404
Let u(o) = -2*o**2 + 317*o + 3021. Determine u(-9).
6
Let c(y) = 50*y + 69. Give c(-6).
-231
Let i(u) = -5*u**2 + 869*u + 1939. Give i(176).
3
Let z(r) = -8*r - 32. What is z(-4)?
0
Let x(z) = 2*z**2 + 39*z + 177. Calculate x(-13).
8
Let a(f) = 2*f**2 - 26*f + 19. Give a(10).
-41
Let a(z) = 3*z**2 + 137*z + 1053. Give a(-36).
9
Let z(f) = -82*f**3 - 4*f**2 - 3*f + 1. What is z(-1)?
82
Let u(g) = g**3 + g**2 - 9*g - 16. Calculate u(0).
-16
Let m(d) = d**2 - 55*d - 156. Give m(56).
-100
Let g(z) = z**3 + 2*z**2 - 51*z - 5. Calculate g(-8).
19
Let m(x) = 70*x - 1128. Determine m(16).
-8
Let l(m) = -m**3 - 24*m**2 + 84*m + 72. Calculate l(-27).
-9
Let f(m) = m**2 + 726*m - 4373. Give f(6).
19
Let l(a) = a**2 + 62*a + 136. Give l(-60).
16
Let a(r) = -50*r**2 - r + 6. Calculate a(2).
-196
Let t(p) = -p**3 + 10*p**2 - 22*p - 18. Give t(8).
-66
Let h(z) = -z**2 - 4*z + 35. Determine h(5).
-10
Let y(g) = -41*g + 58. Calculate y(4).
-106
Let m(y) = -61*y - 170. What is m(-3)?
13
Let n(p) = 2*p**3 + 38*p**2 - 7*p - 135. What is n(-19)?
-2
Let i(o) = 6684*o - 227249. Determine i(34).
7
Let l(c) = 38*c + 7532. Determine l(-198).
8
Let c(w) = -12*w**2 - 61*w + 8. Calculate c(-6).
-58
Let k(h) = -h**3 + 53*h**2 - 626*h - 108. Give k(35).
32
Let l(d) = -d**3 + 8*d**2 - 23*d + 106. What is l(7)?
-6
Let v(o) = -6*o**3 + 7*o**2 + 4*o - 3. Calculate v(-2).
65
Let r(o) = o**2 - 27*o - 181. Give r(38).
237
Let x(i) = -i**3 + 34*i**2 + 575*i - 20077. Give x(33).
-13
Let o(h) = -5*h**3 + 3*h**2 - 7*h. Give o(0).
0
Let t(k) = -k**3 + 194*k + 37. Calculate t(-14).
65
Let q(z) = -12*z**3 - 49*z**2 + 107*z + 2. Calculate q(2).
-76
Let o(x) = -368*x + 1111. Determine o(3).
7
Let o(r) = -79*r + 3942. Calculate o(50).
-8
Let s(a) = a**2 + 61*a - 261. What is s(4)?
-1
Let s(f) = -31*f + 347. Determine s(11).
6
Let m(i) = -5891*i - 64797. Calculate m(-11).
4
Let x(a) = a + 169. Give x(-30).
139
Let d(b) = 12*b**2 + 4*b + 24. Determine d(-4).
200
Let m(v) = -24*v**2 + 887*v + 266. Calculate m(37).
229
Let i(a) = -32*a + 341. Give i(9).
53
Let m(i) = -8*i**3 - 2*i**2 + 7*i + 12. Calculate m(-2).
54
Let x(t) = 66*t**2 + 263*t + 4. Calculate x(-4).
8
Let y(o) = 685*o - 53425. What is y(78)?
5
Let v(c) = -148*c + 1474. What is v(10)?
-6
Let r(l) = -l**3 + 6*l**2 + 6*l - 34. What is r(4)?
22
Let h(c) = 17*c**2 + 220*c - 15. Calculate h(-13).
-2
Let j(c) = c**2 + 26*c + 60. What is j(-23)?
-9
Let x(s) = -701*s - 13355. What is x(-19)?
-36
Let y(l) = 8*l**2 + 76*l - 11. Determine y(-11).
121
Let i(a) = 3*a**2 + 36*a - 6. Give i(-10).
-66
Let x(m) = 5*m + 272. Give x(-60).
-28
Let b(i) = -i**3 - 133*i**2 - 3431*i - 95. Give b(-98).
3
Let h(p) = -52*p + 35. Calculate h(-1).
87
Let k(p) = p**2 + 20*p + 76. Determine k(-4).
12
Let a(y) = 2*y**3 + 76*y**2 + 82*y + 63. Calculate a(-37).
-233
Let w(g) = -157*g - 787. What is w(-5)?
-2
Let j(d) = -64*d + 234. What i